is the remainder when 5069 is divided by 479?
279
What is the remainder when 430 is divided by 298?
132
What is the remainder when 1065 is divided by 711?
354
Calculate the remainder when 19337 is divided by 724.
513
What is the remainder when 6350 is divided by 1540?
190
What is the remainder when 218301 is divided by 979?
963
Calculate the remainder when 85715 is divided by 36.
35
Calculate the remainder when 2414 is divided by 72.
38
What is the remainder when 437858 is divided by 20?
18
Calculate the remainder when 634767 is divided by 6.
3
Calculate the remainder when 563 is divided by 472.
91
What is the remainder when 7447 is divided by 1747?
459
What is the remainder when 3976 is divided by 7?
0
Calculate the remainder when 1919976 is divided by 50.
26
What is the remainder when 1108183 is divided by 65?
63
Calculate the remainder when 659 is divided by 144.
83
What is the remainder when 798 is divided by 794?
4
Calculate the remainder when 1116 is divided by 126.
108
What is the remainder when 293 is divided by 68?
21
Calculate the remainder when 24245 is divided by 94.
87
Calculate the remainder when 4711 is divided by 478.
409
Calculate the remainder when 440 is divided by 214.
12
Calculate the remainder when 300119 is divided by 24.
23
Calculate the remainder when 17389 is divided by 43.
17
What is the remainder when 4025057 is divided by 548?
545
What is the remainder when 7619 is divided by 1285?
1194
Calculate the remainder when 14494 is divided by 7243.
8
Calculate the remainder when 3760 is divided by 67.
8
What is the remainder when 40232 is divided by 6677?
170
What is the remainder when 88847 is divided by 164?
123
What is the remainder when 1016 is divided by 15?
11
What is the remainder when 2931 is divided by 1455?
21
Calculate the remainder when 5075723 is divided by 51.
50
Calculate the remainder when 2128 is divided by 1012.
104
Calculate the remainder when 26058 is divided by 135.
3
What is the remainder when 2505381 is divided by 72?
69
Calculate the remainder when 616630 is divided by 1282.
1270
Calculate the remainder when 2806 is divided by 78.
76
What is the remainder when 7476 is divided by 487?
171
Calculate the remainder when 170965 is divided by 121.
113
What is the remainder when 62467 is divided by 54?
43
Calculate the remainder when 34199 is divided by 60.
59
Calculate the remainder when 7869 is divided by 1568.
29
Calculate the remainder when 20571 is divided by 1463.
89
Calculate the remainder when 15263 is divided by 26.
1
Calculate the remainder when 138 is divided by 31.
14
Calculate the remainder when 1093 is divided by 72.
13
Calculate the remainder when 70494 is divided by 261.
24
What is the remainder when 72213 is divided by 11?
9
What is the remainder when 4001 is divided by 499?
9
What is the remainder when 217813 is divided by 530?
513
Calculate the remainder when 1979 is divided by 9.
8
What is the remainder when 33318 is divided by 417?
375
Calculate the remainder when 1283 is divided by 26.
9
What is the remainder when 109 is divided by 99?
10
What is the remainder when 191604 is divided by 95786?
32
What is the remainder when 3252 is divided by 1478?
296
What is the remainder when 696 is divided by 59?
47
Calculate the remainder when 16157 is divided by 432.
173
Calculate the remainder when 11585 is divided by 2896.
1
What is the remainder when 2012338 is divided by 55?
53
What is the remainder when 19843 is divided by 992?
3
Calculate the remainder when 7378 is divided by 462.
448
What is the remainder when 523919 is divided by 10?
9
What is the remainder when 6116 is divided by 676?
32
Calculate the remainder when 361833 is divided by 23.
20
Calculate the remainder when 147 is divided by 54.
39
What is the remainder when 17378 is divided by 342?
278
Calculate the remainder when 436499 is divided by 20.
19
Calculate the remainder when 80283 is divided by 11463.
42
Calculate the remainder when 27099 is divided by 13329.
441
What is the remainder when 181061 is divided by 35?
6
Calculate the remainder when 52763 is divided by 1037.
913
What is the remainder when 2529 is divided by 2491?
38
What is the remainder when 1910 is divided by 31?
19
Calculate the remainder when 851 is divided by 709.
142
Calculate the remainder when 41152 is divided by 120.
112
What is the remainder when 143888 is divided by 71937?
14
Calculate the remainder when 709 is divided by 80.
69
Calculate the remainder when 2435 is divided by 772.
119
What is the remainder when 81146 is divided by 146?
116
Calculate the remainder when 1387 is divided by 1290.
97
Calculate the remainder when 226968 is divided by 10.
8
Calculate the remainder when 3743 is divided by 1868.
7
What is the remainder when 176336 is divided by 176318?
18
What is the remainder when 120185 is divided by 198?
197
What is the remainder when 210390 is divided by 1125?
15
What is the remainder when 71504 is divided by 303?
299
What is the remainder when 471241 is divided by 136?
1
Calculate the remainder when 830 is divided by 389.
52
What is the remainder when 10929 is divided by 377?
373
Calculate the remainder when 46206 is divided by 173.
15
What is the remainder when 236439 is divided by 514?
513
Calculate the remainder when 13070 is divided by 6.
2
What is the remainder when 493875 is divided by 807?
798
What is the remainder when 97554 is divided by 109?
108
What is the remainder when 30341 is divided by 41?
1
What is the remainder when 98598 is divided by 1670?
68
Calculate the remainder when 28036 is divided by 22.
8
Calculate the remainder when 403 is divided by 19.
4
What is the remainder when 483 is divided by 111?
39
What is the remainder when 170038 is divided by 30?
28
Calculate the remainder when 47198 is divided by 153.
74
Calculate the remainder when 238246 is divided by 12539.
5
What is the remainder when 11024 is divided by 3562?
338
Calculate the remainder when 15531 is divided by 361.
8
Calculate the remainder when 486 is divided by 22.
2
Calculate the remainder when 325108 is divided by 81272.
20
What is the remainder when 2435 is divided by 1163?
109
Calculate the remainder when 453 is divided by 9.
3
What is the remainder when 555263 is divided by 1969?
5
What is the remainder when 17690 is divided by 1980?
1850
Calculate the remainder when 6675301 is divided by 1244.
1241
What is the remainder when 3388 is divided by 242?
0
What is the remainder when 10369 is divided by 30?
19
What is the remainder when 15701 is divided by 2518?
593
What is the remainder when 4380109 is divided by 902?
899
Calculate the remainder when 969 is divided by 491.
478
What is the remainder when 3078 is divided by 91?
75
What is the remainder when 96263 is divided by 48125?
13
Calculate the remainder when 18146 is divided by 3437.
961
Calculate the remainder when 1328973 is divided by 425.
423
What is the remainder when 45818 is divided by 45764?
54
What is the remainder when 48657 is divided by 438?
39
Calculate the remainder when 3042 is divided by 602.
32
Calculate the remainder when 1194424 is divided by 303.
301
What is the remainder when 268344 is divided by 17?
16
Calculate the remainder when 61834 is divided by 98.
94
Calculate the remainder when 847 is divided by 437.
410
What is the remainder when 13692 is divided by 249?
246
What is the remainder when 43380 is divided by 611?
610
Calculate the remainder when 65056 is divided by 10.
6
What is the remainder when 1578 is divided by 592?
394
What is the remainder when 10774 is divided by 44?
38
What is the remainder when 103628 is divided by 68?
64
What is the remainder when 12242 is divided by 1017?
38
Calculate the remainder when 442115 is divided by 2616.
11
What is the remainder when 5767 is divided by 1793?
388
Calculate the remainder when 16436 is divided by 4098.
44
Calculate the remainder when 10005 is divided by 1273.
1094
What is the remainder when 680 is divided by 279?
122
What is the remainder when 14186 is divided by 267?
35
What is the remainder when 2489647 is divided by 112?
111
Calculate the remainder when 4433603 is divided by 282.
281
What is the remainder when 26387 is divided by 377?
374
What is the remainder when 66967 is divided by 11159?
13
Calculate the remainder 